{"id":24,"date":"2015-02-02T15:02:50","date_gmt":"2015-02-02T15:02:50","guid":{"rendered":"http:\/\/www.gzhkt.de\/wordpress\/?page_id=24"},"modified":"2021-11-01T14:27:46","modified_gmt":"2021-11-01T14:27:46","slug":"bildergalerie","status":"publish","type":"page","link":"https:\/\/www.gzhkt.de\/?page_id=24","title":{"rendered":"Bilder &#038; Clips"},"content":{"rendered":"<figure id=\"attachment_289\" aria-describedby=\"caption-attachment-289\" style=\"width: 300px\" class=\"wp-caption alignnone\"><a href=\"https:\/\/www.gzhkt.de\/wordpress\/wp-content\/uploads\/2015\/02\/Helenakapelle-neues-Kreuz-Quadratbild-Febr-2013.jpg\"><img loading=\"lazy\" decoding=\"async\" class=\"wp-image-289 size-medium\" src=\"https:\/\/www.gzhkt.de\/wordpress\/wp-content\/uploads\/2015\/02\/Helenakapelle-neues-Kreuz-Quadratbild-Febr-2013-300x300.jpg\" alt=\"Helenakapelle neues Kreuz Quadratbild Febr 2013\" width=\"300\" height=\"300\" srcset=\"https:\/\/www.gzhkt.de\/wordpress\/wp-content\/uploads\/2015\/02\/Helenakapelle-neues-Kreuz-Quadratbild-Febr-2013-300x300.jpg 300w, https:\/\/www.gzhkt.de\/wordpress\/wp-content\/uploads\/2015\/02\/Helenakapelle-neues-Kreuz-Quadratbild-Febr-2013-150x150.jpg 150w, https:\/\/www.gzhkt.de\/wordpress\/wp-content\/uploads\/2015\/02\/Helenakapelle-neues-Kreuz-Quadratbild-Febr-2013-1024x1019.jpg 1024w\" sizes=\"auto, (max-width: 300px) 100vw, 300px\" \/><\/a><figcaption id=\"caption-attachment-289\" class=\"wp-caption-text\">Anbetung in der Helenakapelle<\/figcaption><\/figure>\n<p>&nbsp;<\/p>\n<figure id=\"attachment_323\" aria-describedby=\"caption-attachment-323\" style=\"width: 200px\" class=\"wp-caption alignleft\"><a href=\"https:\/\/www.gzhkt.de\/wordpress\/wp-content\/uploads\/2015\/02\/Das-Ostfenster-im-M\u00fcnster-im-Morgenlicht-schr\u00e4g-von-unten-hochkant-Sept-2018.jpg\"><img loading=\"lazy\" decoding=\"async\" class=\"wp-image-323 size-medium\" src=\"https:\/\/www.gzhkt.de\/wordpress\/wp-content\/uploads\/2015\/02\/Das-Ostfenster-im-M\u00fcnster-im-Morgenlicht-schr\u00e4g-von-unten-hochkant-Sept-2018-200x300.jpg\" alt=\"Das Ostfenster im M\u00fcnster im Morgenlicht schr\u00e4g von unten hochkant Sept 2018\" width=\"200\" height=\"300\" srcset=\"https:\/\/www.gzhkt.de\/wordpress\/wp-content\/uploads\/2015\/02\/Das-Ostfenster-im-M\u00fcnster-im-Morgenlicht-schr\u00e4g-von-unten-hochkant-Sept-2018-200x300.jpg 200w, https:\/\/www.gzhkt.de\/wordpress\/wp-content\/uploads\/2015\/02\/Das-Ostfenster-im-M\u00fcnster-im-Morgenlicht-schr\u00e4g-von-unten-hochkant-Sept-2018-683x1024.jpg 683w\" sizes=\"auto, (max-width: 200px) 100vw, 200px\" \/><\/a><figcaption id=\"caption-attachment-323\" class=\"wp-caption-text\">700 Jahre altes Chorfenster<\/figcaption><\/figure>\n<p>&nbsp;<\/p>\n<figure id=\"attachment_321\" aria-describedby=\"caption-attachment-321\" style=\"width: 200px\" class=\"wp-caption alignleft\"><a href=\"https:\/\/www.gzhkt.de\/wordpress\/wp-content\/uploads\/2015\/02\/Neuer-Brunnen-im-Abendlicht-10-Sept-2017-II-hochkant.jpg\"><img loading=\"lazy\" decoding=\"async\" class=\"wp-image-321 size-medium\" title=\"Schalenbrunnen im Pfarrgarten\" src=\"https:\/\/www.gzhkt.de\/wordpress\/wp-content\/uploads\/2015\/02\/Neuer-Brunnen-im-Abendlicht-10-Sept-2017-II-hochkant-200x300.jpg\" alt=\"Neuer Brunnen im Abendlicht 10 Sept 2017 II hochkant\" width=\"200\" height=\"300\" srcset=\"https:\/\/www.gzhkt.de\/wordpress\/wp-content\/uploads\/2015\/02\/Neuer-Brunnen-im-Abendlicht-10-Sept-2017-II-hochkant-200x300.jpg 200w, https:\/\/www.gzhkt.de\/wordpress\/wp-content\/uploads\/2015\/02\/Neuer-Brunnen-im-Abendlicht-10-Sept-2017-II-hochkant-683x1024.jpg 683w\" sizes=\"auto, (max-width: 200px) 100vw, 200px\" \/><\/a><figcaption id=\"caption-attachment-321\" class=\"wp-caption-text\">Schalenbrunnen im Pfarrgarten<\/figcaption><\/figure>\n<p>&nbsp;<\/p>\n<p>&nbsp;<\/p>\n<p>&nbsp;<\/p>\n<p>&nbsp;<\/p>\n<p>&nbsp;<\/p>\n<figure id=\"attachment_520\" aria-describedby=\"caption-attachment-520\" style=\"width: 169px\" class=\"wp-caption alignnone\"><a href=\"https:\/\/www.gzhkt.de\/wordpress\/wp-content\/uploads\/2015\/02\/20211024_M\u00fchlkanal-in-Herbstfarben.jpg\"><img loading=\"lazy\" decoding=\"async\" class=\"size-medium wp-image-520\" src=\"https:\/\/www.gzhkt.de\/wordpress\/wp-content\/uploads\/2015\/02\/20211024_M\u00fchlkanal-in-Herbstfarben-169x300.jpg\" alt=\"M\u00fchlkanal in Herbstfarben\" width=\"169\" height=\"300\" srcset=\"https:\/\/www.gzhkt.de\/wordpress\/wp-content\/uploads\/2015\/02\/20211024_M\u00fchlkanal-in-Herbstfarben-169x300.jpg 169w, https:\/\/www.gzhkt.de\/wordpress\/wp-content\/uploads\/2015\/02\/20211024_M\u00fchlkanal-in-Herbstfarben-576x1024.jpg 576w\" sizes=\"auto, (max-width: 169px) 100vw, 169px\" \/><\/a><figcaption id=\"caption-attachment-520\" class=\"wp-caption-text\">M\u00fchlkanal in Herbstfarben<\/figcaption><\/figure>\n<figure id=\"attachment_522\" aria-describedby=\"caption-attachment-522\" style=\"width: 169px\" class=\"wp-caption alignnone\"><a href=\"https:\/\/www.gzhkt.de\/wordpress\/wp-content\/uploads\/2015\/02\/20211024_M\u00fchle-im-Spiegelbild.jpg\"><img loading=\"lazy\" decoding=\"async\" class=\"size-medium wp-image-522\" src=\"https:\/\/www.gzhkt.de\/wordpress\/wp-content\/uploads\/2015\/02\/20211024_M\u00fchle-im-Spiegelbild-169x300.jpg\" alt=\"Blick \u00fcber den M\u00fchlweiher auf die alte M\u00fchle\" width=\"169\" height=\"300\" srcset=\"https:\/\/www.gzhkt.de\/wordpress\/wp-content\/uploads\/2015\/02\/20211024_M\u00fchle-im-Spiegelbild-169x300.jpg 169w, https:\/\/www.gzhkt.de\/wordpress\/wp-content\/uploads\/2015\/02\/20211024_M\u00fchle-im-Spiegelbild-576x1024.jpg 576w\" sizes=\"auto, (max-width: 169px) 100vw, 169px\" \/><\/a><figcaption id=\"caption-attachment-522\" class=\"wp-caption-text\">Blick \u00fcber den M\u00fchlweiher auf die alte M\u00fchle<\/figcaption><\/figure>\n<figure id=\"attachment_521\" aria-describedby=\"caption-attachment-521\" style=\"width: 300px\" class=\"wp-caption alignnone\"><a href=\"https:\/\/www.gzhkt.de\/wordpress\/wp-content\/uploads\/2015\/02\/20210930_Nordwestecke-der-Aussenklausur.jpg\"><img loading=\"lazy\" decoding=\"async\" class=\"size-medium wp-image-521\" src=\"https:\/\/www.gzhkt.de\/wordpress\/wp-content\/uploads\/2015\/02\/20210930_Nordwestecke-der-Aussenklausur-300x169.jpg\" alt=\"Blick in die nordwestliche Aussenklausur\" width=\"300\" height=\"169\" srcset=\"https:\/\/www.gzhkt.de\/wordpress\/wp-content\/uploads\/2015\/02\/20210930_Nordwestecke-der-Aussenklausur-300x169.jpg 300w, https:\/\/www.gzhkt.de\/wordpress\/wp-content\/uploads\/2015\/02\/20210930_Nordwestecke-der-Aussenklausur-1024x576.jpg 1024w\" sizes=\"auto, (max-width: 300px) 100vw, 300px\" \/><\/a><figcaption id=\"caption-attachment-521\" class=\"wp-caption-text\">Blick in die nordwestliche Aussenklausur<\/figcaption><\/figure>\n<figure id=\"attachment_523\" aria-describedby=\"caption-attachment-523\" style=\"width: 300px\" class=\"wp-caption alignnone\"><a href=\"https:\/\/www.gzhkt.de\/wordpress\/wp-content\/uploads\/2015\/02\/20210930_Hainbuchenallee-FILEminimizer.jpg\"><img loading=\"lazy\" decoding=\"async\" class=\"size-medium wp-image-523\" src=\"https:\/\/www.gzhkt.de\/wordpress\/wp-content\/uploads\/2015\/02\/20210930_Hainbuchenallee-FILEminimizer-300x169.jpg\" alt=\"Hainbuchenallee\" width=\"300\" height=\"169\" srcset=\"https:\/\/www.gzhkt.de\/wordpress\/wp-content\/uploads\/2015\/02\/20210930_Hainbuchenallee-FILEminimizer-300x169.jpg 300w, https:\/\/www.gzhkt.de\/wordpress\/wp-content\/uploads\/2015\/02\/20210930_Hainbuchenallee-FILEminimizer-1024x576.jpg 1024w\" sizes=\"auto, (max-width: 300px) 100vw, 300px\" \/><\/a><figcaption id=\"caption-attachment-523\" class=\"wp-caption-text\">Hainbuchenallee<\/figcaption><\/figure>\n<figure id=\"attachment_524\" aria-describedby=\"caption-attachment-524\" style=\"width: 300px\" class=\"wp-caption alignnone\"><a href=\"https:\/\/www.gzhkt.de\/wordpress\/wp-content\/uploads\/2015\/02\/20210930_Mprgensonne-\u00fcber-Labyrinth-bei-der-ehemaligen-Nikolauskapelle-FILEminimizer.jpg\"><img loading=\"lazy\" decoding=\"async\" class=\"size-medium wp-image-524\" src=\"https:\/\/www.gzhkt.de\/wordpress\/wp-content\/uploads\/2015\/02\/20210930_Mprgensonne-\u00fcber-Labyrinth-bei-der-ehemaligen-Nikolauskapelle-FILEminimizer-300x169.jpg\" alt=\"Morgensonne beim Labyrinth\" width=\"300\" height=\"169\" srcset=\"https:\/\/www.gzhkt.de\/wordpress\/wp-content\/uploads\/2015\/02\/20210930_Mprgensonne-\u00fcber-Labyrinth-bei-der-ehemaligen-Nikolauskapelle-FILEminimizer-300x169.jpg 300w, https:\/\/www.gzhkt.de\/wordpress\/wp-content\/uploads\/2015\/02\/20210930_Mprgensonne-\u00fcber-Labyrinth-bei-der-ehemaligen-Nikolauskapelle-FILEminimizer-1024x576.jpg 1024w\" sizes=\"auto, (max-width: 300px) 100vw, 300px\" \/><\/a><figcaption id=\"caption-attachment-524\" class=\"wp-caption-text\">Morgensonne beim Labyrinth<\/figcaption><\/figure>\n<p>&nbsp;<\/p>\n<figure id=\"attachment_423\" aria-describedby=\"caption-attachment-423\" style=\"width: 300px\" class=\"wp-caption alignleft\"><a href=\"https:\/\/www.gzhkt.de\/wordpress\/wp-content\/uploads\/2015\/02\/Portrait-Juni-2020-mit-Rosen-FILEminimizer.jpg\"><img loading=\"lazy\" decoding=\"async\" class=\"size-medium wp-image-423\" src=\"https:\/\/www.gzhkt.de\/wordpress\/wp-content\/uploads\/2015\/02\/Portrait-Juni-2020-mit-Rosen-FILEminimizer-300x169.jpg\" alt=\"hmb im Pfarrgarten\" width=\"300\" height=\"169\" srcset=\"https:\/\/www.gzhkt.de\/wordpress\/wp-content\/uploads\/2015\/02\/Portrait-Juni-2020-mit-Rosen-FILEminimizer-300x169.jpg 300w, https:\/\/www.gzhkt.de\/wordpress\/wp-content\/uploads\/2015\/02\/Portrait-Juni-2020-mit-Rosen-FILEminimizer-1024x576.jpg 1024w\" sizes=\"auto, (max-width: 300px) 100vw, 300px\" \/><\/a><figcaption id=\"caption-attachment-423\" class=\"wp-caption-text\">hmb im Pfarrgarten<\/figcaption><\/figure>\n<figure id=\"attachment_227\" aria-describedby=\"caption-attachment-227\" style=\"width: 300px\" class=\"wp-caption alignnone\"><a href=\"https:\/\/www.gzhkt.de\/wordpress\/wp-content\/uploads\/2015\/02\/Kloster-Luftaufnahme-von-Osten-Juli-2016.jpg\"><img loading=\"lazy\" decoding=\"async\" class=\"wp-image-227 size-medium\" src=\"https:\/\/www.gzhkt.de\/wordpress\/wp-content\/uploads\/2015\/02\/Kloster-Luftaufnahme-von-Osten-Juli-2016-300x197.jpg\" alt=\"DCIM100MEDIADJI_0011.JPG\" width=\"300\" height=\"197\" srcset=\"https:\/\/www.gzhkt.de\/wordpress\/wp-content\/uploads\/2015\/02\/Kloster-Luftaufnahme-von-Osten-Juli-2016-300x197.jpg 300w, https:\/\/www.gzhkt.de\/wordpress\/wp-content\/uploads\/2015\/02\/Kloster-Luftaufnahme-von-Osten-Juli-2016-1024x673.jpg 1024w\" sizes=\"auto, (max-width: 300px) 100vw, 300px\" \/><\/a><figcaption id=\"caption-attachment-227\" class=\"wp-caption-text\">Luftbildaufnahme der Klosteranlage<\/figcaption><\/figure>\n<p>&nbsp;<\/p>\n<p>&nbsp;<\/p>\n<figure id=\"attachment_122\" aria-describedby=\"caption-attachment-122\" style=\"width: 300px\" class=\"wp-caption alignleft\"><a href=\"https:\/\/www.gzhkt.de\/wordpress\/wp-content\/uploads\/2015\/02\/Johannesminne-Johannes-Febr-2014-FILEminimizer.jpg\"><img loading=\"lazy\" decoding=\"async\" class=\"wp-image-122 size-medium\" src=\"https:\/\/www.gzhkt.de\/wordpress\/wp-content\/uploads\/2015\/02\/Johannesminne-Johannes-Febr-2014-FILEminimizer-300x200.jpg\" alt=\"Johannesminne Johannes Febr 2014 (FILEminimizer)\" width=\"300\" height=\"200\" srcset=\"https:\/\/www.gzhkt.de\/wordpress\/wp-content\/uploads\/2015\/02\/Johannesminne-Johannes-Febr-2014-FILEminimizer-300x200.jpg 300w, https:\/\/www.gzhkt.de\/wordpress\/wp-content\/uploads\/2015\/02\/Johannesminne-Johannes-Febr-2014-FILEminimizer.jpg 719w\" sizes=\"auto, (max-width: 300px) 100vw, 300px\" \/><\/a><figcaption id=\"caption-attachment-122\" class=\"wp-caption-text\">Apostel Johannes, Detail der Johannesminne M\u00fcnster<\/figcaption><\/figure>\n<figure id=\"attachment_128\" aria-describedby=\"caption-attachment-128\" style=\"width: 197px\" class=\"wp-caption alignleft\"><a href=\"https:\/\/www.gzhkt.de\/wordpress\/wp-content\/uploads\/2015\/02\/Johannesminne-n\u00e4her-Okt-2013.jpg\"><img loading=\"lazy\" decoding=\"async\" class=\"wp-image-128 size-medium\" src=\"https:\/\/www.gzhkt.de\/wordpress\/wp-content\/uploads\/2015\/02\/Johannesminne-n\u00e4her-Okt-2013-197x300.jpg\" alt=\"Johannesminne n\u00e4her Okt 2013\" width=\"197\" height=\"300\" srcset=\"https:\/\/www.gzhkt.de\/wordpress\/wp-content\/uploads\/2015\/02\/Johannesminne-n\u00e4her-Okt-2013-197x300.jpg 197w, https:\/\/www.gzhkt.de\/wordpress\/wp-content\/uploads\/2015\/02\/Johannesminne-n\u00e4her-Okt-2013-672x1024.jpg 672w, https:\/\/www.gzhkt.de\/wordpress\/wp-content\/uploads\/2015\/02\/Johannesminne-n\u00e4her-Okt-2013.jpg 1842w\" sizes=\"auto, (max-width: 197px) 100vw, 197px\" \/><\/a><figcaption id=\"caption-attachment-128\" class=\"wp-caption-text\">die &#8222;Johannesminne&#8220; , Christus &#8211; Johannes &#8211; Skulptur im M\u00fcnster<\/figcaption><\/figure>\n<figure id=\"attachment_123\" aria-describedby=\"caption-attachment-123\" style=\"width: 200px\" class=\"wp-caption alignleft\"><a href=\"https:\/\/www.gzhkt.de\/wordpress\/wp-content\/uploads\/2015\/02\/verschneites-M\u00fcnster-hochkant-im-Morgenlicht-Febr-2013-FILEminimizer.jpg\"><img loading=\"lazy\" decoding=\"async\" class=\"wp-image-123 size-medium\" src=\"https:\/\/www.gzhkt.de\/wordpress\/wp-content\/uploads\/2015\/02\/verschneites-M\u00fcnster-hochkant-im-Morgenlicht-Febr-2013-FILEminimizer-200x300.jpg\" alt=\"verschneites M\u00fcnster hochkant im Morgenlicht Febr 2013 (FILEminimizer)\" width=\"200\" height=\"300\" srcset=\"https:\/\/www.gzhkt.de\/wordpress\/wp-content\/uploads\/2015\/02\/verschneites-M\u00fcnster-hochkant-im-Morgenlicht-Febr-2013-FILEminimizer-200x300.jpg 200w, https:\/\/www.gzhkt.de\/wordpress\/wp-content\/uploads\/2015\/02\/verschneites-M\u00fcnster-hochkant-im-Morgenlicht-Febr-2013-FILEminimizer.jpg 640w\" sizes=\"auto, (max-width: 200px) 100vw, 200px\" \/><\/a><figcaption id=\"caption-attachment-123\" class=\"wp-caption-text\">Das M\u00fcnster Heiligkreuztal im Winter<\/figcaption><\/figure>\n<figure id=\"attachment_286\" aria-describedby=\"caption-attachment-286\" style=\"width: 300px\" class=\"wp-caption alignnone\"><a href=\"https:\/\/www.gzhkt.de\/wordpress\/wp-content\/uploads\/2015\/02\/Engelgarten-Nordostecke-mit-etwas-Schnee-Dez-2017.jpg\"><img loading=\"lazy\" decoding=\"async\" class=\"wp-image-286 size-medium\" src=\"https:\/\/www.gzhkt.de\/wordpress\/wp-content\/uploads\/2015\/02\/Engelgarten-Nordostecke-mit-etwas-Schnee-Dez-2017-300x198.jpg\" alt=\"Engelgarten Nordostecke mit etwas Schnee Dez 2017\" width=\"300\" height=\"198\" srcset=\"https:\/\/www.gzhkt.de\/wordpress\/wp-content\/uploads\/2015\/02\/Engelgarten-Nordostecke-mit-etwas-Schnee-Dez-2017-300x198.jpg 300w, https:\/\/www.gzhkt.de\/wordpress\/wp-content\/uploads\/2015\/02\/Engelgarten-Nordostecke-mit-etwas-Schnee-Dez-2017-1024x676.jpg 1024w\" sizes=\"auto, (max-width: 300px) 100vw, 300px\" \/><\/a><figcaption id=\"caption-attachment-286\" class=\"wp-caption-text\">verschneiter Engelgarten<\/figcaption><\/figure>\n<p>&nbsp;<\/p>\n<figure id=\"attachment_124\" aria-describedby=\"caption-attachment-124\" style=\"width: 300px\" class=\"wp-caption alignleft\"><a href=\"https:\/\/www.gzhkt.de\/wordpress\/wp-content\/uploads\/2015\/02\/Kapitelsaal-April-2013-im-Morgenlicht-Ambo-und-Altar-FILEminimizer.jpg\"><img loading=\"lazy\" decoding=\"async\" class=\"wp-image-124 size-medium\" src=\"https:\/\/www.gzhkt.de\/wordpress\/wp-content\/uploads\/2015\/02\/Kapitelsaal-April-2013-im-Morgenlicht-Ambo-und-Altar-FILEminimizer-300x196.jpg\" alt=\"Kapitelsaal April 2013 im Morgenlicht Ambo und Altar (FILEminimizer)\" width=\"300\" height=\"196\" srcset=\"https:\/\/www.gzhkt.de\/wordpress\/wp-content\/uploads\/2015\/02\/Kapitelsaal-April-2013-im-Morgenlicht-Ambo-und-Altar-FILEminimizer-300x196.jpg 300w, https:\/\/www.gzhkt.de\/wordpress\/wp-content\/uploads\/2015\/02\/Kapitelsaal-April-2013-im-Morgenlicht-Ambo-und-Altar-FILEminimizer.jpg 733w\" sizes=\"auto, (max-width: 300px) 100vw, 300px\" \/><\/a><figcaption id=\"caption-attachment-124\" class=\"wp-caption-text\">Kapitelsaal &#8211; Kapelle<\/figcaption><\/figure>\n<figure id=\"attachment_125\" aria-describedby=\"caption-attachment-125\" style=\"width: 300px\" class=\"wp-caption alignleft\"><a href=\"https:\/\/www.gzhkt.de\/wordpress\/wp-content\/uploads\/2015\/02\/M\u00fcnster-von-Empore-aus-FILEminimizer.jpg\"><img loading=\"lazy\" decoding=\"async\" class=\"wp-image-125 size-medium\" src=\"https:\/\/www.gzhkt.de\/wordpress\/wp-content\/uploads\/2015\/02\/M\u00fcnster-von-Empore-aus-FILEminimizer-300x300.jpg\" alt=\"M\u00fcnster von Empore aus (FILEminimizer)\" width=\"300\" height=\"300\" srcset=\"https:\/\/www.gzhkt.de\/wordpress\/wp-content\/uploads\/2015\/02\/M\u00fcnster-von-Empore-aus-FILEminimizer-300x300.jpg 300w, https:\/\/www.gzhkt.de\/wordpress\/wp-content\/uploads\/2015\/02\/M\u00fcnster-von-Empore-aus-FILEminimizer-150x150.jpg 150w, https:\/\/www.gzhkt.de\/wordpress\/wp-content\/uploads\/2015\/02\/M\u00fcnster-von-Empore-aus-FILEminimizer.jpg 640w\" sizes=\"auto, (max-width: 300px) 100vw, 300px\" \/><\/a><figcaption id=\"caption-attachment-125\" class=\"wp-caption-text\">Chorraum M\u00fcnster<\/figcaption><\/figure>\n<p><span style=\"color: #cc2121;\"><br \/>\n<\/span><\/p>\n<div id='gallery-1' class='gallery galleryid-24 gallery-columns-3 gallery-size-thumbnail'><figure class='gallery-item'>\n\t\t\t<div class='gallery-icon landscape'>\n\t\t\t\t<a href='https:\/\/www.gzhkt.de\/?attachment_id=67'><img loading=\"lazy\" decoding=\"async\" width=\"150\" height=\"107\" src=\"https:\/\/www.gzhkt.de\/wordpress\/wp-content\/uploads\/2015\/02\/gzlogo-150x107.gif\" class=\"attachment-thumbnail size-thumbnail\" alt=\"\" aria-describedby=\"gallery-1-67\" \/><\/a>\n\t\t\t<\/div>\n\t\t\t\t<figcaption class='wp-caption-text gallery-caption' id='gallery-1-67'>\n\t\t\t\tApostelkreuz M\u00fcnster\n\t\t\t\t<\/figcaption><\/figure>\n\t\t<\/div>\n\n","protected":false},"excerpt":{"rendered":"<p>&nbsp; &nbsp; &nbsp; &nbsp; &nbsp; &nbsp; &nbsp; &nbsp; &nbsp; &nbsp; &nbsp;<\/p>\n","protected":false},"author":1063,"featured_media":0,"parent":0,"menu_order":0,"comment_status":"closed","ping_status":"open","template":"","meta":{"footnotes":""},"class_list":["post-24","page","type-page","status-publish","hentry"],"_links":{"self":[{"href":"https:\/\/www.gzhkt.de\/index.php?rest_route=\/wp\/v2\/pages\/24","targetHints":{"allow":["GET"]}}],"collection":[{"href":"https:\/\/www.gzhkt.de\/index.php?rest_route=\/wp\/v2\/pages"}],"about":[{"href":"https:\/\/www.gzhkt.de\/index.php?rest_route=\/wp\/v2\/types\/page"}],"author":[{"embeddable":true,"href":"https:\/\/www.gzhkt.de\/index.php?rest_route=\/wp\/v2\/users\/1063"}],"replies":[{"embeddable":true,"href":"https:\/\/www.gzhkt.de\/index.php?rest_route=%2Fwp%2Fv2%2Fcomments&post=24"}],"version-history":[{"count":25,"href":"https:\/\/www.gzhkt.de\/index.php?rest_route=\/wp\/v2\/pages\/24\/revisions"}],"predecessor-version":[{"id":611,"href":"https:\/\/www.gzhkt.de\/index.php?rest_route=\/wp\/v2\/pages\/24\/revisions\/611"}],"wp:attachment":[{"href":"https:\/\/www.gzhkt.de\/index.php?rest_route=%2Fwp%2Fv2%2Fmedia&parent=24"}],"curies":[{"name":"wp","href":"https:\/\/api.w.org\/{rel}","templated":true}]}}