{"id":18,"date":"2015-02-02T15:02:22","date_gmt":"2015-02-02T15:02:22","guid":{"rendered":"http:\/\/www.gzhkt.de\/wordpress\/?page_id=18"},"modified":"2023-01-10T11:26:29","modified_gmt":"2023-01-10T11:26:29","slug":"fuehrungen","status":"publish","type":"page","link":"https:\/\/www.gzhkt.de\/?page_id=18","title":{"rendered":"F\u00fchrungen"},"content":{"rendered":"<p><span style=\"color: #ff0000;\"><br \/>\nBitte rechtzeitig anfragen und absprechen!<br \/>\n<\/span><\/p>\n<p><a href=\"https:\/\/www.gzhkt.de\/wordpress\/wp-content\/uploads\/2015\/02\/FuehrungenKloster_Heiligkreuztal_25062016.pdf\">\u00dcbersicht F\u00fchrungen im Kloster Heiligkreuztal<\/a><\/p>\n<p>\u00dcbersichtsblatt zum Download: <a href=\"https:\/\/www.gzhkt.de\/wordpress\/wp-content\/uploads\/2015\/02\/Beiblatt_F\u00fchrungen.pdf\">\u00dcbersicht F\u00fchrungen<\/a><\/p>\n","protected":false},"excerpt":{"rendered":"<p>Bitte rechtzeitig anfragen und absprechen! \u00dcbersicht F\u00fchrungen im Kloster Heiligkreuztal \u00dcbersichtsblatt zum Download: \u00dcbersicht F\u00fchrungen<\/p>\n","protected":false},"author":1063,"featured_media":0,"parent":0,"menu_order":0,"comment_status":"closed","ping_status":"open","template":"","meta":{"footnotes":""},"class_list":["post-18","page","type-page","status-publish","hentry"],"_links":{"self":[{"href":"https:\/\/www.gzhkt.de\/index.php?rest_route=\/wp\/v2\/pages\/18","targetHints":{"allow":["GET"]}}],"collection":[{"href":"https:\/\/www.gzhkt.de\/index.php?rest_route=\/wp\/v2\/pages"}],"about":[{"href":"https:\/\/www.gzhkt.de\/index.php?rest_route=\/wp\/v2\/types\/page"}],"author":[{"embeddable":true,"href":"https:\/\/www.gzhkt.de\/index.php?rest_route=\/wp\/v2\/users\/1063"}],"replies":[{"embeddable":true,"href":"https:\/\/www.gzhkt.de\/index.php?rest_route=%2Fwp%2Fv2%2Fcomments&post=18"}],"version-history":[{"count":11,"href":"https:\/\/www.gzhkt.de\/index.php?rest_route=\/wp\/v2\/pages\/18\/revisions"}],"predecessor-version":[{"id":581,"href":"https:\/\/www.gzhkt.de\/index.php?rest_route=\/wp\/v2\/pages\/18\/revisions\/581"}],"wp:attachment":[{"href":"https:\/\/www.gzhkt.de\/index.php?rest_route=%2Fwp%2Fv2%2Fmedia&parent=18"}],"curies":[{"name":"wp","href":"https:\/\/api.w.org\/{rel}","templated":true}]}}